
Let a(t) = -2*t**2 + 2. Let c be a(3). Let z be (c/(-12))/(2/6). What is the highest common divisor of 44 and z?
4
Let p = 9 - 0. Suppose 5*l + 20 = 0, -3*y + 0*y + 235 = 2*l. What is the highest common divisor of y and p?
9
Let n = -13 - -18. Suppose 4 + 8 = 3*q. Let p be 3/q*12*n. Calculate the greatest common factor of 18 and p.
9
Let d(t) = t**3 - 4*t**2 - 3*t + 2. Let y be 6/2 - 1*-2. Let r be d(y). Let i = -5 - -35. Calculate the highest common divisor of r and i.
6
Let s(u) = -13*u - 6. Let t be s(-6). Calculate the highest common factor of t and 8.
8
Let n(x) = x**3 + 7*x**2 - x - 8. Suppose t + 5 = 0, -2*q + 5*t + 11 + 8 = 0. Let z = -3 + q. Let p be n(z). Calculate the highest common factor of 85 and p.
17
Suppose 4*x = -3 + 11. Suppose x*t - 3*t + 58 = 5*g, t - 34 = -3*g. Let u be (-3)/g + 402/8. What is the greatest common factor of 10 and u?
10
Let a(t) = 46*t**2 - 2*t - 1. Let i be a(-1). What is the highest common divisor of 329 and i?
47
Let t(h) = 11*h + 5. Let r be t(5). Suppose -m = 3*m - r. Suppose -5*s - 3*q - q = -11, -4 = 4*q. Calculate the greatest common divisor of s and m.
3
Suppose 6*j - 12*j = -180. Calculate the highest common divisor of j and 6.
6
Let p = 210 - 98. Calculate the greatest common factor of 14 and p.
14
Let u be (-2)/(2*(-1)/(-25)). Let j = u + 53. What is the highest common divisor of j and 4?
4
Suppose -4*i = -7*i + 15. Suppose 5*v = h + 45, h + i = v - 0*v. Suppose -18 = -3*m - 3*n, -3*m + 4 = -n - 3*n. What is the highest common factor of m and v?
2
Suppose 2*n + 21 + 15 = 0. Let t be 2/3*n/(-4). Suppose 4*w = -h + 22, 3 + t = -3*w. Calculate the greatest common factor of h and 15.
15
Suppose 2*h - 90 + 0 = 0. Calculate the greatest common divisor of 18 and h.
9
Let u be 12 + -1 + 0/(-2). Let n be -1 - (-2 - -4)/(-2). Suppose -3*b + n = -3. What is the highest common divisor of u and b?
1
Let a(r) = 9*r - 15. Let m be a(7). Let q = m - 33. Let p = 43 - -47. What is the greatest common factor of q and p?
15
Let g(c) = c**2 - 1. Let i be 19/7 + (-12)/(-42). Suppose 0*u = i*u - 12. Let t be g(u). Calculate the greatest common factor of 15 and t.
15
Let f(d) = 8*d**2 - 3*d + 4. Let k be f(4). Suppose 5*z - 6*z + 15 = 0. Calculate the highest common factor of z and k.
15
Suppose 44 = 4*p - 76. What is the highest common divisor of p and 12?
6
Let s be (-24)/4*(-4)/6. Suppose 10 = s*v - 38. Let q = v + -4. Calculate the highest common divisor of 4 and q.
4
Let t be (-3)/(-2)*8/6. Suppose 2*i + 4 = -t. Let r be ((-6)/i - 5) + 9. Calculate the highest common divisor of r and 15.
3
Suppose -4*d + 5*k = -239, 2*d - 140 + 31 = -k. Let p(c) = c**3 - 2*c**2 - 1. Let z be p(3). What is the greatest common factor of d and z?
8
Let n be (-22)/(-5) + 10/(-25). Suppose -2*m - 66 = -n*m. What is the greatest common factor of m and 11?
11
Let m = -95 - -161. Calculate the highest common divisor of m and 99.
33
Let p be ((-4)/6)/((-4)/(-66))*-2. Calculate the greatest common divisor of 55 and p.
11
Let k be ((-42)/4)/((-39)/26). Calculate the greatest common divisor of k and 28.
7
Suppose -2*o - 4*l + 108 = 0, -5*l = -0*l. Let q = o + -24. Let w be (-7 + -1)*3/(-2). What is the highest common divisor of w and q?
6
Suppose -5*w - 3*l = -w - 24, -4*l = 2*w - 22. Let o be 18*(0 - (-2)/w). What is the highest common factor of o and 3?
3
Let v be 1 - (3 + 1 + -21). Calculate the highest common factor of 90 and v.
18
Suppose 4*l + 2*q - 12 = 0, 4*q - 9 = 2*l + 5. What is the greatest common divisor of 1 and l?
1
Suppose 5*v - 50 = -4*u, -u + 7 = -v - 1. Suppose 0*l - 10 = -5*l. Calculate the greatest common factor of u and l.
2
Let a(z) = z**2 + 15*z + 33. Let b be a(-13). What is the greatest common divisor of b and 217?
7
Suppose 3*y + 0*d - 80 = -d, -5*y - d + 132 = 0. Calculate the highest common divisor of y and 130.
26
Suppose p - r = -108, 4*p + 5*r + 468 = -0*r. Let w = 20 - p. Let l be -6*4/(-36)*18. What is the highest common divisor of l and w?
12
Let f be (4/(-7))/((-2)/7). Let o = 47 + -27. Suppose f*y - o = 10. What is the greatest common factor of 120 and y?
15
Suppose 4*n = -5*j + 74, -3*n = n + j - 66. Let k = -6 + n. Calculate the greatest common divisor of k and 25.
5
Suppose 7*q + 6 = 9*q. Let b be (-79)/(-3) - q/9. What is the greatest common factor of 13 and b?
13
Let b = -16 + 13. Let o be (5 + -6)/(b/198). Calculate the highest common divisor of 6 and o.
6
Let d be 3 - -14 - (1 + 1). Let p = 65 + -20. Calculate the greatest common factor of d and p.
15
Let w(t) = -6*t. Let y be w(-4). What is the greatest common divisor of 96 and y?
24
Let w(m) = -2*m**3 + m - 1. Let j be w(1). Let d be (-2)/j - 18/3. Let z be ((-2)/(-5))/((-1)/d). Calculate the highest common factor of z and 16.
2
Suppose 0 = -14*y + 17*y - 6. Calculate the highest common factor of 8 and y.
2
Let y(x) = 3*x**2 - x - 2. Let f be -1 + 3/(-3) + -1. Let l be (1 + f/2)*-6. Let u be y(l). What is the highest common factor of u and 2?
2
Suppose -3*v + v + 5*b + 8 = 0, 3*v - 3*b = 12. Suppose v = s + s. Let g = 26 + -12. What is the greatest common divisor of s and g?
2
Let b(q) = 2*q**2 - 4*q + 3. Let r be b(2). Let i = 4 - r. Suppose 4*z + 21 = 65. What is the highest common factor of z and i?
1
Let p(o) = 3*o**2 - o. Let z be p(-1). Suppose -5*l = -z*r + 575, -3*l - 27 - 258 = -2*r. Suppose -k = -6*k + r. What is the highest common divisor of k and 20?
10
Suppose 1076 + 436 = 9*l. What is the highest common factor of 21 and l?
21
Let f be -1*(-2)/2 - -2. Suppose 2*q = f*p + 166 - 9, q = 3*p + 83. Let i = q - 50. Calculate the greatest common factor of i and 8.
8
Suppose -4*k + 3*k + 1 = 0. Let n(v) = -2*v + 1. Let s be n(0). Let g = k + s. What is the greatest common divisor of g and 2?
2
Suppose -f + r = -1, 4*r + 9 = 3*f + 2*f. Suppose -f*m - 5*j = 475, 5*m = j + j - 503. Let t = -43 - m. Calculate the greatest common divisor of 8 and t.
8
Suppose -3*q = -q. Let k be q - (-7 - (0 + -2)). Let h(i) = 2*i - 7. Let m be h(k). What is the greatest common divisor of 15 and m?
3
Suppose 0 = 3*l - 3*v - 45, -l + v + 35 = 4*v. Calculate the highest common factor of 4 and l.
4
Suppose 2*j - 13 - 1 = 0. Let q = 104 + -147. Let t = q + 99. What is the highest common divisor of j and t?
7
Suppose 2*d - 29 = 3. Calculate the greatest common divisor of d and 16.
16
Let f(h) = -h**2 - 8*h + 7. Let u be f(-7). What is the highest common divisor of 21 and u?
7
Suppose 5*t - 10 = -5*r, 5*t - 5*r = -0*t + 10. Suppose -12 = -t*z + z - m, 3*z - 34 = -m. What is the greatest common factor of z and 33?
11
Let c(f) = 2*f**3 - 5*f**2 - f + 1. Suppose v = 4*j + 12, -8*v + 4*v + 5*j = -26. Let k be c(v). What is the greatest common factor of k and 9?
9
Let o(x) = -2*x**3 - 2*x**2 + x + 2. Let v be o(-2). Calculate the highest common divisor of v and 8.
8
Let g be 10/(-6)*(-9)/3. Let h = 31 - g. What is the highest common divisor of h and 13?
13
Let y(g) = -g**3 - 4*g**2 + 9*g - 8. Let h be y(-6). Suppose -5*t + 58 - 8 = 0. What is the greatest common divisor of h and t?
10
Suppose -5*m - 2*v - 41 = v, 4*v = 5*m + 27. Let u = 23 - m. Calculate the highest common divisor of 20 and u.
10
Let i(q) be the first derivative of q**2/2 + 5*q + 1. Let r be ((-3)/(-2))/((-2)/4). Let n be i(r). What is the highest common divisor of 3 and n?
1
Suppose -5*h - 115 = 350. Let q = 205 + h. Calculate the highest common divisor of 16 and q.
16
Let b be -4 + (-12)/4 + 27. What is the highest common factor of b and 40?
20
Let h(c) = -10*c + 6. Let i = 14 + -19. Let f be h(i). What is the greatest common factor of 14 and f?
14
Let z(m) = m**3 + 11*m**2 - 2*m + 10. Let x be z(-11). What is the highest common factor of 16 and x?
16
Let y(z) = z**3 + 5*z**2 + 4*z + 5. Let d be y(-4). Suppose -d*n + 25 + 25 = 0. Calculate the highest common divisor of n and 40.
10
Let g be (3 - 0)/(3/2). Suppose -g*u + 168 = 2*u. Let l = -1 - -7. What is the highest common divisor of u and l?
6
Suppose 19 = -l + 7. Let y be (-69)/((9/l)/1). Let p = 18 + y. Calculate the greatest common divisor of 10 and p.
10
Suppose -24 = -5*a + l, -3*l - 3 = -a - 1. Suppose 4*n - 14 = j - a, 3*n + 5*j + 22 = 0. Calculate the highest common divisor of n and 11.
1
Let l(k) = -k + 2. Let f be l(-7). Let s(d) = 2*d -